
589
Calculate the remainder when 485755 is divided by 320.
315
Calculate the remainder when 28643 is divided by 85.
83
Calculate the remainder when 10703 is divided by 446.
445
Calculate the remainder when 10824 is divided by 3606.
6
Calculate the remainder when 3478 is divided by 227.
73
Calculate the remainder when 39928 is divided by 5.
3
What is the remainder when 15381 is divided by 6623?
2135
Calculate the remainder when 145656 is divided by 25.
6
Calculate the remainder when 299193 is divided by 301.
300
What is the remainder when 47882 is divided by 5?
2
What is the remainder when 51927 is divided by 775?
2
What is the remainder when 9943 is divided by 9925?
18
What is the remainder when 1045 is divided by 336?
37
Calculate the remainder when 40432 is divided by 20.
12
Calculate the remainder when 2931 is divided by 126.
33
What is the remainder when 1036006 is divided by 17?
9
Calculate the remainder when 20916 is divided by 134.
12
What is the remainder when 131044 is divided by 85?
59
What is the remainder when 47770 is divided by 2171?
8
What is the remainder when 45006 is divided by 7497?
24
Calculate the remainder when 211286 is divided by 392.
390
What is the remainder when 7405 is divided by 191?
147
Calculate the remainder when 20857 is divided by 3130.
2077
Calculate the remainder when 328089 is divided by 68.
57
What is the remainder when 5606 is divided by 469?
447
What is the remainder when 2632 is divided by 110?
102
Calculate the remainder when 4916 is divided by 1227.
8
What is the remainder when 11638 is divided by 5241?
1156
What is the remainder when 25894 is divided by 1221?
253
Calculate the remainder when 1930855 is divided by 340.
335
Calculate the remainder when 55402 is divided by 162.
160
Calculate the remainder when 143855 is divided by 47940.
35
Calculate the remainder when 51424 is divided by 187.
186
Calculate the remainder when 2969 is divided by 152.
81
Calculate the remainder when 1606 is divided by 336.
262
What is the remainder when 234 is divided by 90?
54
Calculate the remainder when 8234 is divided by 478.
108
Calculate the remainder when 2488 is divided by 2225.
263
Calculate the remainder when 18876 is divided by 45.
21
What is the remainder when 8353 is divided by 553?
58
Calculate the remainder when 63203 is divided by 31599.
5
What is the remainder when 119015 is divided by 59405?
205
What is the remainder when 65410 is divided by 69?
67
Calculate the remainder when 6594 is divided by 3269.
56
What is the remainder when 689 is divided by 667?
22
Calculate the remainder when 9383 is divided by 544.
135
Calculate the remainder when 11836 is divided by 514.
14
What is the remainder when 11529 is divided by 462?
441
What is the remainder when 22264 is divided by 239?
37
What is the remainder when 1166099 is divided by 69?
68
What is the remainder when 663 is divided by 137?
115
Calculate the remainder when 266151 is divided by 824.
823
What is the remainder when 72822 is divided by 26?
22
Calculate the remainder when 33706 is divided by 406.
8
Calculate the remainder when 13308 is divided by 29.
26
What is the remainder when 23128 is divided by 1101?
7
Calculate the remainder when 11234 is divided by 5595.
44
What is the remainder when 39021 is divided by 33?
15
Calculate the remainder when 1071358 is divided by 36.
34
What is the remainder when 34985 is divided by 1060?
5
What is the remainder when 20200 is divided by 6081?
1957
Calculate the remainder when 19496 is divided by 1028.
992
What is the remainder when 1820543 is divided by 635?
633
Calculate the remainder when 14522 is divided by 123.
8
What is the remainder when 26574 is divided by 302?
300
What is the remainder when 132035 is divided by 251?
9
Calculate the remainder when 126677 is divided by 108.
101
Calculate the remainder when 14170 is divided by 443.
437
What is the remainder when 50221 is divided by 168?
157
What is the remainder when 9124 is divided by 9?
7
What is the remainder when 1048006 is divided by 5240?
6
What is the remainder when 32448 is divided by 122?
118
What is the remainder when 2905 is divided by 721?
21
What is the remainder when 1147 is divided by 223?
32
Calculate the remainder when 235700 is divided by 928.
916
Calculate the remainder when 232965 is divided by 387.
378
What is the remainder when 12808 is divided by 27?
10
Calculate the remainder when 115966 is divided by 32.
30
Calculate the remainder when 23475 is divided by 43.
40
What is the remainder when 460044 is divided by 146?
144
Calculate the remainder when 2488 is divided by 122.
48
What is the remainder when 13977 is divided by 1732?
121
What is the remainder when 117553 is divided by 378?
373
Calculate the remainder when 14295 is divided by 22.
17
What is the remainder when 3248 is divided by 69?
5
What is the remainder when 190286 is divided by 17?
5
What is the remainder when 520873 is divided by 1125?
1123
What is the remainder when 2426 is divided by 2421?
5
Calculate the remainder when 2016 is divided by 1798.
218
Calculate the remainder when 6537 is divided by 2171.
24
What is the remainder when 15584 is divided by 7719?
146
What is the remainder when 315789 is divided by 103?
94
What is the remainder when 358 is divided by 242?
116
What is the remainder when 4461 is divided by 149?
140
What is the remainder when 126873 is divided by 9?
0
What is the remainder when 39307 is divided by 124?
123
Calculate the remainder when 896156 is divided by 58.
56
What is the remainder when 2591 is divided by 157?
79
What is the remainder when 7037 is divided by 2074?
815
What is the remainder when 12511 is divided by 54?
37
What is the remainder when 23060 is divided by 501?
14
Calculate the remainder when 16538 is divided by 18.
14
What is the remainder when 3719 is divided by 587?
197
What is the remainder when 77191 is divided by 16?
7
Calculate the remainder when 2622 is divided by 914.
794
What is the remainder when 7926 is divided by 2181?
1383
Calculate the remainder when 6407 is divided by 14.
9
Calculate the remainder when 6951 is divided by 313.
65
What is the remainder when 71188 is divided by 45?
43
Calculate the remainder when 41328 is divided by 551.
3
Calculate the remainder when 2321 is divided by 28.
25
What is the remainder when 57742 is divided by 28869?
4
Calculate the remainder when 949422 is divided by 784.
782
Calculate the remainder when 12865 is divided by 2218.
1775
What is the remainder when 1085 is divided by 273?
266
Calculate the remainder when 5334 is divided by 145.
114
What is the remainder when 52993 is divided by 52989?
4
What is the remainder when 52188 is divided by 8?
4
What is the remainder when 22809 is divided by 3798?
21
What is the remainder when 12102 is divided by 19?
18
What is the remainder when 1274 is divided by 70?
14
Calculate the remainder when 847 is divided by 86.
73
What is the remainder when 2009 is divided by 149?
72
What is the remainder when 500 is divided by 18?
14
Calculate the remainder when 74345 is divided by 44.
29
Calculate the remainder when 159178 is divided by 134.
120
What is the remainder when 2772915 is divided by 26?
15
Calculate the remainder when 25072 is divided by 55.
47
Calculate the remainder when 2293 is divided by 21.
4
Calculate the remainder when 14523 is divided by 155.
108
Calculate the remainder when 2361 is divided by 134.
83
What is the remainder when 90458 is divided by 88?
82
Calculate the remainder when 5317564 is divided by 51.
49
Calculate the remainder when 77547 is divided by 156.
15
What is the remainder when 2341 is divided by 893?
555
Calculate the remainder when 3305 is divided by 148.
49
What is the remainder when 5934 is divided by 28?
26
What is the remainder when 1629 is divided by 809?
11
Calculate the remainder when 26702 is divided by 278.
14
What is the remainder when 16462 is divided by 92?
86
Calculate the remainder when 33080 is divided by 100.
80
What is the remainder when 4498 is divided by 506?
450
Calculate the remainder when 590 is divided by 48.
14
What is the remainder when 146968 is divided by 142?
140
Calculate the remainder when 2158237 is divided by 205.
202
Calculate the remainder when 15347 is divided by 2555.
17
Calculate t